 a - 15 = -u. What is the units digit of w(a)?
3
Suppose 0 = -0*q + 2*q + 22. Let b(r) = -7*r - 36. Let h be b(-7). Let p = h + q. What is the units digit of p?
2
Let u = 448 - -2802. What is the units digit of u?
0
Suppose 2*q + 0*q + 4355 = 5*b, -3*b + 2*q + 2609 = 0. What is the hundreds digit of b?
8
Let q = -24 + 28. Suppose -k - 106 = -5*x, -q*k + 6*x - 392 = 2*x. Let n = k - -149. What is the units digit of n?
3
Let k(z) = 4*z**2 + 71*z + 6. What is the units digit of k(-21)?
9
Let n(w) = w**3 + 20*w**2 + 20*w + 33. Suppose 25 - 101 = 4*i. What is the units digit of n(i)?
4
Let z(c) = -4*c**2 - 54*c - 15. What is the hundreds digit of z(-8)?
1
Let v = 5115 - 3052. What is the thousands digit of v?
2
Suppose 0*u = -4*u - 32. Let x be 2 + (-4)/(u/(-82)). Let z = x - -55. What is the tens digit of z?
1
Let d(x) = x**3 + 23*x**2 + 27*x + 127. What is the thousands digit of d(-14)?
1
Let f(n) = -51*n - 182. What is the hundreds digit of f(-11)?
3
Suppose -4*j + 90 + 10 = 0. Let k be (j*-2)/(2/(-1)). Let i = 33 - k. What is the units digit of i?
8
Suppose 4*p - 3160 = -4*p. What is the hundreds digit of p?
3
Suppose 0 = 2*p + 2*p - 28. Suppose -34 = -p*g + 5*g. What is the tens digit of g?
1
Let l(m) be the third derivative of 0 - 5/6*m**3 + 0*m + 1/24*m**4 + 17/60*m**5 + 7*m**2. What is the tens digit of l(2)?
6
Let b(n) = -8*n - 3. Let f(h) = -1. Let z(p) = p - 5. Let r(g) = -4*f(g) + z(g). Let a(q) = -b(q) - 6*r(q). What is the units digit of a(7)?
3
Suppose -9*a + 15242 = -28291. What is the hundreds digit of a?
8
Let t be -16*((-1)/4)/((-3)/(-9)). Suppose -5*v = -t*v + 294. What is the tens digit of v?
4
Suppose -2*r = -2*l - 150, 170 = -2*l - r - 2*r. Let i = l - -32. Let x = 102 + i. What is the units digit of x?
5
Let p be 6 + 3*2/(-6). Let c(q) = -q**3 + 4*q**2 + 2*q + 5. Let h be c(p). Let i = h + 25. What is the units digit of i?
5
Suppose -7*x + 91 = -0*x. Let k(g) = 23*g - 35. What is the tens digit of k(x)?
6
Suppose -5*d + 2*d = 5*b - 24, 4*d - 2*b = 6. Suppose -3*j = w - 4*j - 42, -2*w + d*j = -80. What is the units digit of w?
6
Let u(d) = d**3 - d**2 + d + 3. Let p = 0 - 0. Let q be u(p). Suppose -2*m = -q - 45. What is the tens digit of m?
2
Suppose 30 = 7*r - 54. Suppose -r*g + 626 = -262. What is the units digit of g?
4
Suppose 5*o + 4*p = -55, -o + 0*p - 4*p - 27 = 0. Let z(u) = -12*u. What is the tens digit of z(o)?
8
Let q(o) = -13*o**3 + 2*o**2. Let d(y) = 6*y**3 - y**2. Let c(z) = 11*d(z) + 6*q(z). Let a = 89 - 90. What is the units digit of c(a)?
3
Suppose 3*w + 2*w + 765 = 0. Let q = w - -352. What is the hundreds digit of q?
1
Let f(y) = 31*y**2 - 17*y - 19. What is the units digit of f(-12)?
9
Let b(m) = 2*m - 2. Let t be b(2). Suppose t = 5*q - 3*q. What is the units digit of -3 + 4 + q + -1?
1
Let u(a) = a**2 - 2*a - 1. Let m be u(2). Let p be 1/(m + (-12)/(-9)). Let d(q) = -q**3 + 7*q**2 - 3*q - 4. What is the tens digit of d(p)?
2
Let r be (-16)/(-4)*9/2. Suppose -r = -0*t - 2*t. Suppose 5*y = t*y - 108. What is the tens digit of y?
2
Suppose 12 = -3*c + 6, -5*c - 2552 = -2*u. What is the units digit of u?
1
Let u = -10 + 307. Suppose 4*g + 0*g = -5*z + 450, 3*z - 3*g - u = 0. What is the units digit of z?
4
Let n(p) = -p**2 - 9*p - 15. Let r be n(-5). Suppose -m + 0*w + 131 = -w, r*m = 3*w + 659. What is the units digit of m?
3
Suppose 0 = -2*o + 48 + 166. Let l = o + -41. What is the units digit of l?
6
Suppose k + 1078 = 3493. What is the units digit of k?
5
Let m = 2092 - -2076. What is the hundreds digit of m?
1
Let h = 5 + -11. Let n be (5 - -38) + (-2 - h). What is the tens digit of n*(-3 - -4) + 1?
4
Let o = -782 + 905. What is the units digit of o?
3
Suppose 10 = -11*h + 6*h, -3*o + h = -2177. What is the units digit of o?
5
What is the hundreds digit of 5 + 0 + -3 + 55412/14?
9
Let v = 355 + -324. What is the tens digit of v?
3
Let r(i) = 12*i**2 - 14*i + 39. What is the tens digit of r(-12)?
3
Suppose 4*c - 1 = -d + 16, -5*c + d + 10 = 0. Suppose 2*w + 16 = c*w. Suppose 3*p - w = 2*p. What is the units digit of p?
6
Let n = -9 + 6. Let p = n - -8. Suppose 0 = t - 5, 4*t + t = p*s. What is the units digit of s?
5
Suppose -16*m = 5*g - 20*m - 1290, 0 = -5*g - m + 1315. What is the units digit of g?
2
Let z(f) = -f**3 - 13*f**2 - 15*f + 27. Let g be z(-12). Let s = 16 + g. What is the units digit of s?
9
Let b(s) = 3*s**2 - 5*s - 5. Let n(m) = m**2 - m - 1. Let g(d) = b(d) - 4*n(d). Let w be g(-2). What is the units digit of w/((-3)/2) - -8?
0
Suppose -13938 - 10646 = -7*v. What is the tens digit of v?
1
Let s = -8 - -13. Suppose -s + 32 = 3*z. Suppose -4*w = -z*w + 100. What is the units digit of w?
0
Let a(p) = -p**3 + 7*p**2 + 33*p - 25. What is the units digit of a(10)?
5
Suppose 5*b - 45 = -5*u, -3*u + 3 = -3*b - 0*u. Suppose 0 = -5*p + 3*i - 15, 9*i = 4*p + b*i - 1. What is the tens digit of 2/1*(-87)/p?
2
Let c = 9 - -47. Suppose c + 36 = 2*t. Let r = -23 + t. What is the units digit of r?
3
Let y(b) = 2*b**2 + b - 16. Let c be y(3). Suppose -c*x + 231 = -154. What is the units digit of x?
7
Suppose 0 = -5*q - k - 545, -4*q - 4*k - 530 = q. Let d be 115*(-11)/(q/12). What is the tens digit of (d/15)/((-4)/(-20))?
4
Let c(x) be the first derivative of x**3 + 3*x**2 - 8*x - 5. Let l(p) = -5*p**2 - 13*p + 17. Let h(s) = 9*c(s) + 4*l(s). What is the units digit of h(2)?
8
Let g = 26 - -20. Suppose 5*n = 1304 + g. What is the hundreds digit of n?
2
Suppose 0 = 5*h + 5*m + 370, h + 4*m - 154 = 3*h. Let l = 24 - h. What is the units digit of l?
9
Suppose 5*r - f = 18, 5*f + 0*f + 2 = 3*r. Suppose -54 = -4*b + 3*a + 6, -8 = -2*b - r*a. What is the units digit of b?
2
Let m be -111 - (0 - (-4 + 2)). Let w = m - -204. What is the units digit of w?
1
Let t(v) = -50*v - 64. What is the hundreds digit of t(-8)?
3
Let m(o) = -9*o + 38. Let z be m(5). What is the hundreds digit of 151 + z/(42/30)?
1
Suppose 8 = h + 5. Suppose 3*z + 59 = 5*o, -7*o - 14 = z - h*o. Let x = z + 50. What is the units digit of x?
2
Suppose -24*a + 303 + 81 = 0. Let f be (-1 + 1)/(2 + 0). Suppose -a + f = -4*n. What is the units digit of n?
4
Let c = 554 + -286. What is the units digit of c?
8
Suppose 54*c = 101*c - 31255. What is the units digit of c?
5
Suppose -5*f = -4*j + 148, 3*j + f - 60 - 70 = 0. Let k = j - 3. What is the tens digit of k?
3
Let q(d) = -147*d - 20. Let w(p) = 220*p + 30. Let r(u) = 8*q(u) + 5*w(u). What is the tens digit of r(-3)?
1
Suppose -z + 82 = 4. Suppose 7 = -8*n + 23. Suppose -2*k + z = -4*h, -4 = -n*h + 2. What is the units digit of k?
5
Let i(c) = c**3 - c**2 - 2*c + 91. Let r be i(0). Let d = -18 + r. What is the tens digit of d?
7
Suppose 0 = -78*u + 506068 - 92980. What is the units digit of u?
6
Suppose 0 = -3*j - 0*j + 15. Suppose -y + 2 = -16*x + 15*x, -4*y = -3*x - 6. Suppose 3*f = -2*f + 4*u + 248, 5*f + j*u - 230 = y. What is the tens digit of f?
4
Let a be 1 - (-6)/((-18)/(-195)). Let l = a - 36. Let z = l + -27. What is the units digit of z?
3
Let s(n) = -n**3 - 12*n**2 + 15*n - 15. Let c be s(-12). Let v = 337 + c. What is the hundreds digit of v?
1
Suppose 21*v = 27*v - 14928. What is the units digit of v?
8
Let g(s) = -s**2 - 22*s + 1. What is the tens digit of g(-20)?
4
Let n be (72/10)/(12/60). Suppose -7*c + 10*c = n. What is the tens digit of c?
1
Suppose 5*z - 3*n - 62 = 0, 0 = -4*z - n - 3*n + 56. Let y = 12 - z. Let p = y - -10. What is the units digit of p?
9
What is the units digit of (-4 - -5) + 0 - -16?
7
What is the units digit of 8708/22 + (194/(-22) - -9)?
6
Let m = -390 - -1111. What is the tens digit of m?
2
What is the tens digit of 4*(-404)/24*(-3)/2?
0
Suppose -4*a + 2755 = -349. What is the hundreds digit of a?
7
Let y(m) be the second derivative of 29*m**3/6 + 15*m**2 - m + 4. What is the hundreds digit of y(9)?
2
What is the tens digit of 3/18 - 2823/(-18)?
5
Let u = 58 + -43. Suppose -13*v = -12*v - u. What is the tens digit of v?
1
Let a(q) = 18*q**2 - 7*q - 18. Let y be a(-7). Suppose 11*u - y = 803. What is the tens digit of u?
5
Suppose -98 = -4*h + 46. Let c = h - -29. What is the tens digit of c?
6
Let p(h) = -h**3 - 7*h**2 - 2*h + 9. Suppose 2*c - 3 = -27. Let o be p(c). What is the units digit of o/33 + 16/88?
3
Suppose 19*t - 1776 = 7*t. What is the